{"id":87,"date":"2026-03-11T10:35:30","date_gmt":"2026-03-11T10:35:30","guid":{"rendered":"https:\/\/jyskalan.fi\/?page_id=87"},"modified":"2026-03-31T14:30:32","modified_gmt":"2026-03-31T14:30:32","slug":"referenssit","status":"publish","type":"page","link":"https:\/\/jyskalan.fi\/?page_id=87","title":{"rendered":"Tehdyt ty\u00f6"},"content":{"rendered":"\n<p class=\"is-style-text-annotation has-base-color has-contrast-background-color has-text-color has-background has-link-color has-large-font-size wp-elements-774833c9c1ffe2cbf46c6d06991588f1\">Kotihoidonhuone\/wc\/suihku<\/p>\n\n\n\n<p>Kotihoidonhuone, wc ja suihku. N\u00e4m\u00e4 saatiin erillisist\u00e4 suihkusta ja kotihoidonhuoneesta ja wc sein\u00e4\u00e4n tehtiin oviaukko, niin kokonaisuudesta tuli yhtenev\u00e4inen<\/p>\n\n\n\n<figure class=\"wp-block-gallery has-nested-images columns-default is-cropped wp-block-gallery-1 is-layout-flex wp-block-gallery-is-layout-flex\">\n<figure class=\"wp-block-image size-large\"><img loading=\"lazy\" decoding=\"async\" width=\"768\" height=\"1024\" data-id=\"88\" src=\"https:\/\/jyskalan.fi\/wp-content\/uploads\/2026\/03\/IMG20231205153657-768x1024.jpg\" alt=\"\" class=\"wp-image-88\" srcset=\"https:\/\/jyskalan.fi\/wp-content\/uploads\/2026\/03\/IMG20231205153657-768x1024.jpg 768w, https:\/\/jyskalan.fi\/wp-content\/uploads\/2026\/03\/IMG20231205153657-225x300.jpg 225w, https:\/\/jyskalan.fi\/wp-content\/uploads\/2026\/03\/IMG20231205153657-1152x1536.jpg 1152w, https:\/\/jyskalan.fi\/wp-content\/uploads\/2026\/03\/IMG20231205153657-1536x2048.jpg 1536w, https:\/\/jyskalan.fi\/wp-content\/uploads\/2026\/03\/IMG20231205153657-scaled.jpg 1920w\" sizes=\"auto, (max-width: 768px) 100vw, 768px\" \/><figcaption class=\"wp-element-caption\">oplus_32<\/figcaption><\/figure>\n\n\n\n<figure class=\"wp-block-image size-large\"><img loading=\"lazy\" decoding=\"async\" width=\"768\" height=\"1024\" data-id=\"90\" src=\"https:\/\/jyskalan.fi\/wp-content\/uploads\/2026\/03\/IMG20231205153703-768x1024.jpg\" alt=\"\" class=\"wp-image-90\" srcset=\"https:\/\/jyskalan.fi\/wp-content\/uploads\/2026\/03\/IMG20231205153703-768x1024.jpg 768w, https:\/\/jyskalan.fi\/wp-content\/uploads\/2026\/03\/IMG20231205153703-225x300.jpg 225w, https:\/\/jyskalan.fi\/wp-content\/uploads\/2026\/03\/IMG20231205153703-1152x1536.jpg 1152w, https:\/\/jyskalan.fi\/wp-content\/uploads\/2026\/03\/IMG20231205153703-1536x2048.jpg 1536w, https:\/\/jyskalan.fi\/wp-content\/uploads\/2026\/03\/IMG20231205153703-scaled.jpg 1920w\" sizes=\"auto, (max-width: 768px) 100vw, 768px\" \/><figcaption class=\"wp-element-caption\">oplus_32<\/figcaption><\/figure>\n\n\n\n<figure class=\"wp-block-image size-large\"><img loading=\"lazy\" decoding=\"async\" width=\"768\" height=\"1024\" data-id=\"89\" src=\"https:\/\/jyskalan.fi\/wp-content\/uploads\/2026\/03\/IMG20231205153748-768x1024.jpg\" alt=\"\" class=\"wp-image-89\" srcset=\"https:\/\/jyskalan.fi\/wp-content\/uploads\/2026\/03\/IMG20231205153748-768x1024.jpg 768w, https:\/\/jyskalan.fi\/wp-content\/uploads\/2026\/03\/IMG20231205153748-225x300.jpg 225w, https:\/\/jyskalan.fi\/wp-content\/uploads\/2026\/03\/IMG20231205153748-1152x1536.jpg 1152w, https:\/\/jyskalan.fi\/wp-content\/uploads\/2026\/03\/IMG20231205153748-1536x2048.jpg 1536w, https:\/\/jyskalan.fi\/wp-content\/uploads\/2026\/03\/IMG20231205153748-scaled.jpg 1920w\" sizes=\"auto, (max-width: 768px) 100vw, 768px\" \/><figcaption class=\"wp-element-caption\">oplus_32<\/figcaption><\/figure>\n<\/figure>\n\n\n\n<figure class=\"wp-block-image size-large\"><img loading=\"lazy\" decoding=\"async\" width=\"1024\" height=\"768\" src=\"https:\/\/jyskalan.fi\/wp-content\/uploads\/2026\/03\/Jyska-pesuhuone-1-1024x768.jpg\" alt=\"\" class=\"wp-image-92\" srcset=\"https:\/\/jyskalan.fi\/wp-content\/uploads\/2026\/03\/Jyska-pesuhuone-1-1024x768.jpg 1024w, https:\/\/jyskalan.fi\/wp-content\/uploads\/2026\/03\/Jyska-pesuhuone-1-300x225.jpg 300w, https:\/\/jyskalan.fi\/wp-content\/uploads\/2026\/03\/Jyska-pesuhuone-1-768x576.jpg 768w, https:\/\/jyskalan.fi\/wp-content\/uploads\/2026\/03\/Jyska-pesuhuone-1-1536x1152.jpg 1536w, https:\/\/jyskalan.fi\/wp-content\/uploads\/2026\/03\/Jyska-pesuhuone-1-2048x1536.jpg 2048w\" sizes=\"auto, (max-width: 1024px) 100vw, 1024px\" \/><figcaption class=\"wp-element-caption\">oplus_3145728<\/figcaption><\/figure>\n\n\n\n<figure class=\"wp-block-image size-large\"><img loading=\"lazy\" decoding=\"async\" width=\"1024\" height=\"768\" src=\"https:\/\/jyskalan.fi\/wp-content\/uploads\/2026\/03\/Valiharjuntie-1024x768.jpg\" alt=\"\" class=\"wp-image-97\" srcset=\"https:\/\/jyskalan.fi\/wp-content\/uploads\/2026\/03\/Valiharjuntie-1024x768.jpg 1024w, https:\/\/jyskalan.fi\/wp-content\/uploads\/2026\/03\/Valiharjuntie-300x225.jpg 300w, https:\/\/jyskalan.fi\/wp-content\/uploads\/2026\/03\/Valiharjuntie-768x576.jpg 768w, https:\/\/jyskalan.fi\/wp-content\/uploads\/2026\/03\/Valiharjuntie-1536x1152.jpg 1536w, https:\/\/jyskalan.fi\/wp-content\/uploads\/2026\/03\/Valiharjuntie-2048x1536.jpg 2048w\" sizes=\"auto, (max-width: 1024px) 100vw, 1024px\" \/><figcaption class=\"wp-element-caption\">oplus_0<\/figcaption><\/figure>\n\n\n\n<p class=\"is-style-text-annotation has-base-color has-contrast-background-color has-text-color has-background has-link-color has-large-font-size wp-elements-10e74736ed4b4b667c7d92e753b712d5\">Sauna<\/p>\n\n\n\n<figure class=\"wp-block-gallery has-nested-images columns-default is-cropped wp-block-gallery-2 is-layout-flex wp-block-gallery-is-layout-flex\">\n<figure class=\"wp-block-image size-large\"><img loading=\"lazy\" decoding=\"async\" width=\"1024\" height=\"768\" data-id=\"93\" src=\"https:\/\/jyskalan.fi\/wp-content\/uploads\/2026\/03\/Sulku-2-ok-1024x768.jpg\" alt=\"\" class=\"wp-image-93\" srcset=\"https:\/\/jyskalan.fi\/wp-content\/uploads\/2026\/03\/Sulku-2-ok-1024x768.jpg 1024w, https:\/\/jyskalan.fi\/wp-content\/uploads\/2026\/03\/Sulku-2-ok-300x225.jpg 300w, https:\/\/jyskalan.fi\/wp-content\/uploads\/2026\/03\/Sulku-2-ok-768x576.jpg 768w, https:\/\/jyskalan.fi\/wp-content\/uploads\/2026\/03\/Sulku-2-ok-1536x1152.jpg 1536w, https:\/\/jyskalan.fi\/wp-content\/uploads\/2026\/03\/Sulku-2-ok-2048x1536.jpg 2048w\" sizes=\"auto, (max-width: 1024px) 100vw, 1024px\" \/><\/figure>\n<\/figure>\n\n\n\n<figure class=\"wp-block-image size-large\"><img loading=\"lazy\" decoding=\"async\" width=\"1024\" height=\"768\" src=\"https:\/\/jyskalan.fi\/wp-content\/uploads\/2026\/03\/Saykki-2-ok-1024x768.jpg\" alt=\"\" class=\"wp-image-94\" srcset=\"https:\/\/jyskalan.fi\/wp-content\/uploads\/2026\/03\/Saykki-2-ok-1024x768.jpg 1024w, https:\/\/jyskalan.fi\/wp-content\/uploads\/2026\/03\/Saykki-2-ok-300x225.jpg 300w, https:\/\/jyskalan.fi\/wp-content\/uploads\/2026\/03\/Saykki-2-ok-768x576.jpg 768w, https:\/\/jyskalan.fi\/wp-content\/uploads\/2026\/03\/Saykki-2-ok-1536x1152.jpg 1536w, https:\/\/jyskalan.fi\/wp-content\/uploads\/2026\/03\/Saykki-2-ok-2048x1536.jpg 2048w\" sizes=\"auto, (max-width: 1024px) 100vw, 1024px\" \/><figcaption class=\"wp-element-caption\">oplus_0<\/figcaption><\/figure>\n\n\n\n<figure class=\"wp-block-image size-large\"><img loading=\"lazy\" decoding=\"async\" width=\"1024\" height=\"768\" src=\"https:\/\/jyskalan.fi\/wp-content\/uploads\/2026\/03\/Taloyhtion-sauna-1024x768.jpg\" alt=\"\" class=\"wp-image-95\" srcset=\"https:\/\/jyskalan.fi\/wp-content\/uploads\/2026\/03\/Taloyhtion-sauna-1024x768.jpg 1024w, https:\/\/jyskalan.fi\/wp-content\/uploads\/2026\/03\/Taloyhtion-sauna-300x225.jpg 300w, https:\/\/jyskalan.fi\/wp-content\/uploads\/2026\/03\/Taloyhtion-sauna-768x576.jpg 768w, https:\/\/jyskalan.fi\/wp-content\/uploads\/2026\/03\/Taloyhtion-sauna-1536x1152.jpg 1536w, https:\/\/jyskalan.fi\/wp-content\/uploads\/2026\/03\/Taloyhtion-sauna-2048x1536.jpg 2048w\" sizes=\"auto, (max-width: 1024px) 100vw, 1024px\" \/><\/figure>\n\n\n\n<figure class=\"wp-block-image size-large\"><img loading=\"lazy\" decoding=\"async\" width=\"768\" height=\"1024\" src=\"https:\/\/jyskalan.fi\/wp-content\/uploads\/2026\/03\/Sulku-ok-768x1024.jpg\" alt=\"\" class=\"wp-image-96\" srcset=\"https:\/\/jyskalan.fi\/wp-content\/uploads\/2026\/03\/Sulku-ok-768x1024.jpg 768w, https:\/\/jyskalan.fi\/wp-content\/uploads\/2026\/03\/Sulku-ok-225x300.jpg 225w, https:\/\/jyskalan.fi\/wp-content\/uploads\/2026\/03\/Sulku-ok-1152x1536.jpg 1152w, https:\/\/jyskalan.fi\/wp-content\/uploads\/2026\/03\/Sulku-ok-1536x2048.jpg 1536w, https:\/\/jyskalan.fi\/wp-content\/uploads\/2026\/03\/Sulku-ok-scaled.jpg 1920w\" sizes=\"auto, (max-width: 768px) 100vw, 768px\" \/><\/figure>\n\n\n\n<p class=\"has-text-align-center is-style-text-annotation has-base-color has-contrast-background-color has-text-color has-background has-link-color has-x-large-font-size wp-elements-ddb829770180c656d75a610bd3eb384c\">Julkisivu<\/p>\n\n\n\n<figure class=\"wp-block-image size-large\"><img loading=\"lazy\" decoding=\"async\" width=\"1024\" height=\"768\" src=\"https:\/\/jyskalan.fi\/wp-content\/uploads\/2026\/03\/Julkisivu-1024x768.jpg\" alt=\"\" class=\"wp-image-100\" srcset=\"https:\/\/jyskalan.fi\/wp-content\/uploads\/2026\/03\/Julkisivu-1024x768.jpg 1024w, https:\/\/jyskalan.fi\/wp-content\/uploads\/2026\/03\/Julkisivu-300x225.jpg 300w, https:\/\/jyskalan.fi\/wp-content\/uploads\/2026\/03\/Julkisivu-768x576.jpg 768w, https:\/\/jyskalan.fi\/wp-content\/uploads\/2026\/03\/Julkisivu-1536x1152.jpg 1536w, https:\/\/jyskalan.fi\/wp-content\/uploads\/2026\/03\/Julkisivu-2048x1536.jpg 2048w\" sizes=\"auto, (max-width: 1024px) 100vw, 1024px\" \/><figcaption class=\"wp-element-caption\">oplus_3145728<\/figcaption><\/figure>\n\n\n\n<figure class=\"wp-block-image size-large\"><img loading=\"lazy\" decoding=\"async\" width=\"1024\" height=\"768\" src=\"https:\/\/jyskalan.fi\/wp-content\/uploads\/2026\/03\/Seinan-maalaus-valmis-2-1024x768.jpg\" alt=\"\" class=\"wp-image-101\" srcset=\"https:\/\/jyskalan.fi\/wp-content\/uploads\/2026\/03\/Seinan-maalaus-valmis-2-1024x768.jpg 1024w, https:\/\/jyskalan.fi\/wp-content\/uploads\/2026\/03\/Seinan-maalaus-valmis-2-300x225.jpg 300w, https:\/\/jyskalan.fi\/wp-content\/uploads\/2026\/03\/Seinan-maalaus-valmis-2-768x576.jpg 768w, https:\/\/jyskalan.fi\/wp-content\/uploads\/2026\/03\/Seinan-maalaus-valmis-2-1536x1152.jpg 1536w, https:\/\/jyskalan.fi\/wp-content\/uploads\/2026\/03\/Seinan-maalaus-valmis-2-2048x1536.jpg 2048w\" sizes=\"auto, (max-width: 1024px) 100vw, 1024px\" \/><\/figure>\n\n\n\n<p class=\"is-style-text-annotation has-base-color has-contrast-background-color has-text-color has-background has-link-color has-large-font-size wp-elements-50c3865996e1f16ad7f9f3e4322995b6\">Rossipohja<\/p>\n\n\n\n<figure class=\"wp-block-image size-large\"><img loading=\"lazy\" decoding=\"async\" width=\"768\" height=\"1024\" src=\"https:\/\/jyskalan.fi\/wp-content\/uploads\/2026\/03\/IMG20230731132339-768x1024.jpg\" alt=\"\" class=\"wp-image-103\" srcset=\"https:\/\/jyskalan.fi\/wp-content\/uploads\/2026\/03\/IMG20230731132339-768x1024.jpg 768w, https:\/\/jyskalan.fi\/wp-content\/uploads\/2026\/03\/IMG20230731132339-225x300.jpg 225w, https:\/\/jyskalan.fi\/wp-content\/uploads\/2026\/03\/IMG20230731132339-1152x1536.jpg 1152w, https:\/\/jyskalan.fi\/wp-content\/uploads\/2026\/03\/IMG20230731132339-1536x2048.jpg 1536w, https:\/\/jyskalan.fi\/wp-content\/uploads\/2026\/03\/IMG20230731132339-scaled.jpg 1920w\" sizes=\"auto, (max-width: 768px) 100vw, 768px\" \/><figcaption class=\"wp-element-caption\">oplus_32<\/figcaption><\/figure>\n\n\n\n<figure class=\"wp-block-image size-large\"><img loading=\"lazy\" decoding=\"async\" width=\"1024\" height=\"768\" src=\"https:\/\/jyskalan.fi\/wp-content\/uploads\/2026\/03\/IMG20250808101553_BURST000_COVER-1024x768.jpg\" alt=\"\" class=\"wp-image-107\" srcset=\"https:\/\/jyskalan.fi\/wp-content\/uploads\/2026\/03\/IMG20250808101553_BURST000_COVER-1024x768.jpg 1024w, https:\/\/jyskalan.fi\/wp-content\/uploads\/2026\/03\/IMG20250808101553_BURST000_COVER-300x225.jpg 300w, https:\/\/jyskalan.fi\/wp-content\/uploads\/2026\/03\/IMG20250808101553_BURST000_COVER-768x576.jpg 768w, https:\/\/jyskalan.fi\/wp-content\/uploads\/2026\/03\/IMG20250808101553_BURST000_COVER-1536x1152.jpg 1536w, https:\/\/jyskalan.fi\/wp-content\/uploads\/2026\/03\/IMG20250808101553_BURST000_COVER-2048x1536.jpg 2048w\" sizes=\"auto, (max-width: 1024px) 100vw, 1024px\" \/><figcaption class=\"wp-element-caption\">oplus_70254592<\/figcaption><\/figure>\n\n\n\n<p class=\"is-style-text-annotation has-base-color has-contrast-background-color has-text-color has-background has-link-color has-large-font-size wp-elements-e4ce4d62d2b6f17bb4dc2d177024fa82\">Terassi<\/p>\n\n\n\n<figure class=\"wp-block-image size-large\"><img loading=\"lazy\" decoding=\"async\" width=\"1024\" height=\"878\" src=\"https:\/\/jyskalan.fi\/wp-content\/uploads\/2026\/03\/IMG20240429171015-1024x878.jpg\" alt=\"\" class=\"wp-image-113\" srcset=\"https:\/\/jyskalan.fi\/wp-content\/uploads\/2026\/03\/IMG20240429171015-1024x878.jpg 1024w, https:\/\/jyskalan.fi\/wp-content\/uploads\/2026\/03\/IMG20240429171015-300x257.jpg 300w, https:\/\/jyskalan.fi\/wp-content\/uploads\/2026\/03\/IMG20240429171015-768x659.jpg 768w, https:\/\/jyskalan.fi\/wp-content\/uploads\/2026\/03\/IMG20240429171015-1536x1317.jpg 1536w, https:\/\/jyskalan.fi\/wp-content\/uploads\/2026\/03\/IMG20240429171015-2048x1756.jpg 2048w\" sizes=\"auto, (max-width: 1024px) 100vw, 1024px\" \/><figcaption class=\"wp-element-caption\">oplus_3276800<\/figcaption><\/figure>\n\n\n\n<figure class=\"wp-block-image size-full\"><img loading=\"lazy\" decoding=\"async\" width=\"240\" height=\"426\" src=\"https:\/\/jyskalan.fi\/wp-content\/uploads\/2026\/03\/Video-terassi-1.gif\" alt=\"\" class=\"wp-image-112\"\/><\/figure>\n\n\n\n<p class=\"is-style-text-annotation has-base-color has-contrast-background-color has-text-color has-background has-link-color has-large-font-size wp-elements-c6184a5c0a936b6841715215c97cd39e\">Uudisty\u00f6maa<\/p>\n\n\n\n<figure class=\"wp-block-image size-large\"><img loading=\"lazy\" decoding=\"async\" width=\"1024\" height=\"467\" src=\"https:\/\/jyskalan.fi\/wp-content\/uploads\/2026\/03\/Jatekatos-lopuksi-1-1024x467.jpg\" alt=\"\" class=\"wp-image-108\" srcset=\"https:\/\/jyskalan.fi\/wp-content\/uploads\/2026\/03\/Jatekatos-lopuksi-1-1024x467.jpg 1024w, https:\/\/jyskalan.fi\/wp-content\/uploads\/2026\/03\/Jatekatos-lopuksi-1-300x137.jpg 300w, https:\/\/jyskalan.fi\/wp-content\/uploads\/2026\/03\/Jatekatos-lopuksi-1-768x350.jpg 768w, https:\/\/jyskalan.fi\/wp-content\/uploads\/2026\/03\/Jatekatos-lopuksi-1-1536x700.jpg 1536w, https:\/\/jyskalan.fi\/wp-content\/uploads\/2026\/03\/Jatekatos-lopuksi-1-2048x934.jpg 2048w\" sizes=\"auto, (max-width: 1024px) 100vw, 1024px\" \/><\/figure>\n\n\n\n<figure class=\"wp-block-image size-full is-resized\"><img loading=\"lazy\" decoding=\"async\" width=\"426\" height=\"240\" src=\"https:\/\/jyskalan.fi\/wp-content\/uploads\/2026\/03\/Video-Project.gif\" alt=\"\" class=\"wp-image-109\" style=\"aspect-ratio:1.775166037244433;width:426px;height:auto\"\/><\/figure>\n","protected":false},"excerpt":{"rendered":"<p>Kotihoidonhuone\/wc\/suihku Kotihoidonhuone, wc ja suihku. N\u00e4m\u00e4 saatiin erillisist\u00e4 suihkusta ja kotihoidonhuoneesta ja wc sein\u00e4\u00e4n tehtiin oviaukko, niin kokonaisuudesta tuli yhtenev\u00e4inen Sauna Julkisivu Rossipohja Terassi Uudisty\u00f6maa<\/p>\n","protected":false},"author":1,"featured_media":0,"parent":0,"menu_order":0,"comment_status":"closed","ping_status":"closed","template":"","meta":{"footnotes":""},"class_list":["post-87","page","type-page","status-publish","hentry"],"yoast_head":"<!-- This site is optimized with the Yoast SEO plugin v27.5 - https:\/\/yoast.com\/product\/yoast-seo-wordpress\/ -->\n<title>Tehdyt ty\u00f6 - Rakennuspalvelu jysk\u00e4l\u00e4 Oy<\/title>\n<meta name=\"robots\" content=\"index, follow, max-snippet:-1, max-image-preview:large, max-video-preview:-1\" \/>\n<link rel=\"canonical\" href=\"https:\/\/jyskalan.fi\/?page_id=87\" \/>\n<meta property=\"og:locale\" content=\"fi_FI\" \/>\n<meta property=\"og:type\" content=\"article\" \/>\n<meta property=\"og:title\" content=\"Tehdyt ty\u00f6 - Rakennuspalvelu jysk\u00e4l\u00e4 Oy\" \/>\n<meta property=\"og:description\" content=\"Kotihoidonhuone\/wc\/suihku Kotihoidonhuone, wc ja suihku. N\u00e4m\u00e4 saatiin erillisist\u00e4 suihkusta ja kotihoidonhuoneesta ja wc sein\u00e4\u00e4n tehtiin oviaukko, niin kokonaisuudesta tuli yhtenev\u00e4inen Sauna Julkisivu Rossipohja Terassi Uudisty\u00f6maa\" \/>\n<meta property=\"og:url\" content=\"https:\/\/jyskalan.fi\/?page_id=87\" \/>\n<meta property=\"og:site_name\" content=\"Rakennuspalvelu jysk\u00e4l\u00e4 Oy\" \/>\n<meta property=\"article:modified_time\" content=\"2026-03-31T14:30:32+00:00\" \/>\n<meta property=\"og:image\" content=\"https:\/\/jyskalan.fi\/wp-content\/uploads\/2026\/03\/IMG20231205153657-scaled.jpg\" \/>\n\t<meta property=\"og:image:width\" content=\"1920\" \/>\n\t<meta property=\"og:image:height\" content=\"2560\" \/>\n\t<meta property=\"og:image:type\" content=\"image\/jpeg\" \/>\n<meta name=\"twitter:card\" content=\"summary_large_image\" \/>\n<meta name=\"twitter:label1\" content=\"Arvioitu lukuaika\" \/>\n\t<meta name=\"twitter:data1\" content=\"4 minuuttia\" \/>\n<script type=\"application\/ld+json\" class=\"yoast-schema-graph\">{\"@context\":\"https:\\\/\\\/schema.org\",\"@graph\":[{\"@type\":\"WebPage\",\"@id\":\"https:\\\/\\\/jyskalan.fi\\\/?page_id=87\",\"url\":\"https:\\\/\\\/jyskalan.fi\\\/?page_id=87\",\"name\":\"Tehdyt ty\u00f6 - Rakennuspalvelu jysk\u00e4l\u00e4 Oy\",\"isPartOf\":{\"@id\":\"https:\\\/\\\/jyskalan.fi\\\/#website\"},\"primaryImageOfPage\":{\"@id\":\"https:\\\/\\\/jyskalan.fi\\\/?page_id=87#primaryimage\"},\"image\":{\"@id\":\"https:\\\/\\\/jyskalan.fi\\\/?page_id=87#primaryimage\"},\"thumbnailUrl\":\"https:\\\/\\\/jyskalan.fi\\\/wp-content\\\/uploads\\\/2026\\\/03\\\/IMG20231205153657-768x1024.jpg\",\"datePublished\":\"2026-03-11T10:35:30+00:00\",\"dateModified\":\"2026-03-31T14:30:32+00:00\",\"breadcrumb\":{\"@id\":\"https:\\\/\\\/jyskalan.fi\\\/?page_id=87#breadcrumb\"},\"inLanguage\":\"fi\",\"potentialAction\":[{\"@type\":\"ReadAction\",\"target\":[\"https:\\\/\\\/jyskalan.fi\\\/?page_id=87\"]}]},{\"@type\":\"ImageObject\",\"inLanguage\":\"fi\",\"@id\":\"https:\\\/\\\/jyskalan.fi\\\/?page_id=87#primaryimage\",\"url\":\"https:\\\/\\\/jyskalan.fi\\\/wp-content\\\/uploads\\\/2026\\\/03\\\/IMG20231205153657-scaled.jpg\",\"contentUrl\":\"https:\\\/\\\/jyskalan.fi\\\/wp-content\\\/uploads\\\/2026\\\/03\\\/IMG20231205153657-scaled.jpg\",\"width\":1920,\"height\":2560,\"caption\":\"oplus_32\"},{\"@type\":\"BreadcrumbList\",\"@id\":\"https:\\\/\\\/jyskalan.fi\\\/?page_id=87#breadcrumb\",\"itemListElement\":[{\"@type\":\"ListItem\",\"position\":1,\"name\":\"Etusivu\",\"item\":\"https:\\\/\\\/jyskalan.fi\\\/\"},{\"@type\":\"ListItem\",\"position\":2,\"name\":\"Tehdyt ty\u00f6\"}]},{\"@type\":\"WebSite\",\"@id\":\"https:\\\/\\\/jyskalan.fi\\\/#website\",\"url\":\"https:\\\/\\\/jyskalan.fi\\\/\",\"name\":\"Rakennuspalvelu jysk\u00e4l\u00e4 Oy\",\"description\":\"Kansikuva\",\"publisher\":{\"@id\":\"https:\\\/\\\/jyskalan.fi\\\/#organization\"},\"potentialAction\":[{\"@type\":\"SearchAction\",\"target\":{\"@type\":\"EntryPoint\",\"urlTemplate\":\"https:\\\/\\\/jyskalan.fi\\\/?s={search_term_string}\"},\"query-input\":{\"@type\":\"PropertyValueSpecification\",\"valueRequired\":true,\"valueName\":\"search_term_string\"}}],\"inLanguage\":\"fi\"},{\"@type\":\"Organization\",\"@id\":\"https:\\\/\\\/jyskalan.fi\\\/#organization\",\"name\":\"Rakennuspalvelu jysk\u00e4l\u00e4 Oy\",\"url\":\"https:\\\/\\\/jyskalan.fi\\\/\",\"logo\":{\"@type\":\"ImageObject\",\"inLanguage\":\"fi\",\"@id\":\"https:\\\/\\\/jyskalan.fi\\\/#\\\/schema\\\/logo\\\/image\\\/\",\"url\":\"https:\\\/\\\/jyskalan.fi\\\/wp-content\\\/uploads\\\/2026\\\/03\\\/Logo-2-3.jpg\",\"contentUrl\":\"https:\\\/\\\/jyskalan.fi\\\/wp-content\\\/uploads\\\/2026\\\/03\\\/Logo-2-3.jpg\",\"width\":2368,\"height\":1561,\"caption\":\"Rakennuspalvelu jysk\u00e4l\u00e4 Oy\"},\"image\":{\"@id\":\"https:\\\/\\\/jyskalan.fi\\\/#\\\/schema\\\/logo\\\/image\\\/\"}}]}<\/script>\n<!-- \/ Yoast SEO plugin. -->","yoast_head_json":{"title":"Tehdyt ty\u00f6 - Rakennuspalvelu jysk\u00e4l\u00e4 Oy","robots":{"index":"index","follow":"follow","max-snippet":"max-snippet:-1","max-image-preview":"max-image-preview:large","max-video-preview":"max-video-preview:-1"},"canonical":"https:\/\/jyskalan.fi\/?page_id=87","og_locale":"fi_FI","og_type":"article","og_title":"Tehdyt ty\u00f6 - Rakennuspalvelu jysk\u00e4l\u00e4 Oy","og_description":"Kotihoidonhuone\/wc\/suihku Kotihoidonhuone, wc ja suihku. N\u00e4m\u00e4 saatiin erillisist\u00e4 suihkusta ja kotihoidonhuoneesta ja wc sein\u00e4\u00e4n tehtiin oviaukko, niin kokonaisuudesta tuli yhtenev\u00e4inen Sauna Julkisivu Rossipohja Terassi Uudisty\u00f6maa","og_url":"https:\/\/jyskalan.fi\/?page_id=87","og_site_name":"Rakennuspalvelu jysk\u00e4l\u00e4 Oy","article_modified_time":"2026-03-31T14:30:32+00:00","og_image":[{"width":1920,"height":2560,"url":"https:\/\/jyskalan.fi\/wp-content\/uploads\/2026\/03\/IMG20231205153657-scaled.jpg","type":"image\/jpeg"}],"twitter_card":"summary_large_image","twitter_misc":{"Arvioitu lukuaika":"4 minuuttia"},"schema":{"@context":"https:\/\/schema.org","@graph":[{"@type":"WebPage","@id":"https:\/\/jyskalan.fi\/?page_id=87","url":"https:\/\/jyskalan.fi\/?page_id=87","name":"Tehdyt ty\u00f6 - Rakennuspalvelu jysk\u00e4l\u00e4 Oy","isPartOf":{"@id":"https:\/\/jyskalan.fi\/#website"},"primaryImageOfPage":{"@id":"https:\/\/jyskalan.fi\/?page_id=87#primaryimage"},"image":{"@id":"https:\/\/jyskalan.fi\/?page_id=87#primaryimage"},"thumbnailUrl":"https:\/\/jyskalan.fi\/wp-content\/uploads\/2026\/03\/IMG20231205153657-768x1024.jpg","datePublished":"2026-03-11T10:35:30+00:00","dateModified":"2026-03-31T14:30:32+00:00","breadcrumb":{"@id":"https:\/\/jyskalan.fi\/?page_id=87#breadcrumb"},"inLanguage":"fi","potentialAction":[{"@type":"ReadAction","target":["https:\/\/jyskalan.fi\/?page_id=87"]}]},{"@type":"ImageObject","inLanguage":"fi","@id":"https:\/\/jyskalan.fi\/?page_id=87#primaryimage","url":"https:\/\/jyskalan.fi\/wp-content\/uploads\/2026\/03\/IMG20231205153657-scaled.jpg","contentUrl":"https:\/\/jyskalan.fi\/wp-content\/uploads\/2026\/03\/IMG20231205153657-scaled.jpg","width":1920,"height":2560,"caption":"oplus_32"},{"@type":"BreadcrumbList","@id":"https:\/\/jyskalan.fi\/?page_id=87#breadcrumb","itemListElement":[{"@type":"ListItem","position":1,"name":"Etusivu","item":"https:\/\/jyskalan.fi\/"},{"@type":"ListItem","position":2,"name":"Tehdyt ty\u00f6"}]},{"@type":"WebSite","@id":"https:\/\/jyskalan.fi\/#website","url":"https:\/\/jyskalan.fi\/","name":"Rakennuspalvelu jysk\u00e4l\u00e4 Oy","description":"Kansikuva","publisher":{"@id":"https:\/\/jyskalan.fi\/#organization"},"potentialAction":[{"@type":"SearchAction","target":{"@type":"EntryPoint","urlTemplate":"https:\/\/jyskalan.fi\/?s={search_term_string}"},"query-input":{"@type":"PropertyValueSpecification","valueRequired":true,"valueName":"search_term_string"}}],"inLanguage":"fi"},{"@type":"Organization","@id":"https:\/\/jyskalan.fi\/#organization","name":"Rakennuspalvelu jysk\u00e4l\u00e4 Oy","url":"https:\/\/jyskalan.fi\/","logo":{"@type":"ImageObject","inLanguage":"fi","@id":"https:\/\/jyskalan.fi\/#\/schema\/logo\/image\/","url":"https:\/\/jyskalan.fi\/wp-content\/uploads\/2026\/03\/Logo-2-3.jpg","contentUrl":"https:\/\/jyskalan.fi\/wp-content\/uploads\/2026\/03\/Logo-2-3.jpg","width":2368,"height":1561,"caption":"Rakennuspalvelu jysk\u00e4l\u00e4 Oy"},"image":{"@id":"https:\/\/jyskalan.fi\/#\/schema\/logo\/image\/"}}]}},"_links":{"self":[{"href":"https:\/\/jyskalan.fi\/index.php?rest_route=\/wp\/v2\/pages\/87","targetHints":{"allow":["GET"]}}],"collection":[{"href":"https:\/\/jyskalan.fi\/index.php?rest_route=\/wp\/v2\/pages"}],"about":[{"href":"https:\/\/jyskalan.fi\/index.php?rest_route=\/wp\/v2\/types\/page"}],"author":[{"embeddable":true,"href":"https:\/\/jyskalan.fi\/index.php?rest_route=\/wp\/v2\/users\/1"}],"replies":[{"embeddable":true,"href":"https:\/\/jyskalan.fi\/index.php?rest_route=%2Fwp%2Fv2%2Fcomments&post=87"}],"version-history":[{"count":7,"href":"https:\/\/jyskalan.fi\/index.php?rest_route=\/wp\/v2\/pages\/87\/revisions"}],"predecessor-version":[{"id":131,"href":"https:\/\/jyskalan.fi\/index.php?rest_route=\/wp\/v2\/pages\/87\/revisions\/131"}],"wp:attachment":[{"href":"https:\/\/jyskalan.fi\/index.php?rest_route=%2Fwp%2Fv2%2Fmedia&parent=87"}],"curies":[{"name":"wp","href":"https:\/\/api.w.org\/{rel}","templated":true}]}}